t c(o) = 16*o**2 + 4*o + 10. Let m be c(-5). Suppose 14*k - m = -k. What is the tens digit of k?
2
Suppose -2*u - 2024 = -7020. What is the units digit of u?
8
Let y(g) = 1590*g + 199. What is the thousands digit of y(3)?
4
Let u(m) = -m**2 + 15*m + 4. Let x be u(14). Suppose -5*v + x = -2. Suppose 2*c = 3*r + 3, -3*r = -19 + v. What is the units digit of c?
9
Let z = -4 - -1. Let q(y) = -4*y**3 - 4*y**2 - 2*y + 1. Let t(p) = p**3 + p**2 + p - 1. Let n(d) = q(d) + 3*t(d). What is the tens digit of n(z)?
1
Let c = -19 + 21. Suppose -k - 349 = -4*h + c*k, h - 83 = 5*k. What is the tens digit of h?
8
Let d(y) be the second derivative of y**5/20 - y**4/3 - 5*y**3/6 + 7*y**2/2 + 12*y. What is the tens digit of d(6)?
4
What is the units digit of (-134 + -12)*4/(24/(-21))?
1
Let t be 4 + 0/(-4*3/6). Suppose y - 272 = -4*y - t*p, 0 = 3*y + 5*p - 171. What is the tens digit of y?
5
Let w(y) = -2 - 2*y + 3*y**3 - 6*y**3 + 5*y**2 - 8*y**2 + y. What is the hundreds digit of w(-4)?
1
Suppose 0 = 7*o - 5*o + 50. Let x = o + 41. Suppose d + 5*j - x = -2, 0 = -4*j. What is the tens digit of d?
1
Suppose 8 + 2 = 5*i. Suppose -122 = -2*j + i*y + 4, 5*y = 10. What is the units digit of j?
5
Let q = -120 - -118. What is the tens digit of 5/(15/q) + (-820)/(-6)?
3
Suppose 0 = 2*w - d + 12, 0*d - d - 30 = 5*w. Let n = w - -12. What is the units digit of (-40)/n*12/(-10)?
8
Let g = -9 + 12. Let c(d) = -4 + 3 + 3*d**2 - d**g + 5. What is the units digit of c(3)?
4
Let y(l) = l**3 - 4*l**2 + l - 15. Let r be y(5). Let o = r + 53. What is the units digit of o?
8
Suppose -w + 74 + 30 = 0. Suppose -w = -0*n - 4*n. What is the units digit of n?
6
Let y(w) = 7*w**3 + 3*w**2 + 11*w - 20. What is the hundreds digit of y(3)?
2
Let c be (-1)/((8 + -4)/20). What is the units digit of 336/35*c/(-2 - -1)?
8
Suppose -2*g + 10 - 2 = 0. Suppose -n = 2*c - 77, -146 - 197 = -g*n - c. What is the units digit of n?
7
Suppose 152*d - 127*d = 39275. What is the thousands digit of d?
1
Let v = 2091 - 999. What is the units digit of v?
2
Suppose 23*u + 388 = 27*u. What is the units digit of u?
7
Let u(n) = -n**3 + 4*n**2 + 10*n - 8. Let d be u(6). Let f = d + 35. Let y = f - 0. What is the units digit of y?
5
Suppose 2*n - 560 = -4*i, -5*i - 110 + 1215 = 4*n. Let h = n + -161. What is the hundreds digit of h?
1
Suppose 13*p = 12*p + 3. Suppose 3*y + 24 = p*j + 636, 5*j + 20 = 0. Suppose 0 = 4*w - 4*f - y, -w - 108 = -3*w + 4*f. What is the units digit of w?
6
Let r = 149 + -154. What is the units digit of (-2360)/(-100) - 2/r?
4
Let h = 197 + -137. Let o = -53 + h. What is the units digit of o?
7
Let x(p) = -p**3 + 5*p**2 + 6*p + 9. Let t be x(6). What is the units digit of (7/(-2 + t))/((-1)/(-111))?
1
Let y(i) = 4*i**2 + 8*i + 17. Let m be y(-5). What is the units digit of (-1)/(-2) - (-4 - m/2)?
3
Let r(w) = -2*w - 4. Let p be r(-3). Let d be 13 + -1 + -4 + p. Let x = d + 0. What is the tens digit of x?
1
Let w = 64 - 68. What is the units digit of (-1 + 10)/((-198)/50 - w)?
5
Let b be ((-272)/(-85))/((-6)/(-15) + 0). Suppose -5*w - b*g = -3*g - 205, -5*w + 2*g + 219 = 0. What is the tens digit of w?
4
Suppose 24*f - 6*f - 9810 = 0. What is the tens digit of f?
4
Let o be -1 + 1 + -2 + 26. Let z = -16 + o. Suppose 3*r + 205 = z*r. What is the tens digit of r?
4
Suppose 5*i + 5*c - 3427 = 2*c, -3*i + 5*c + 2029 = 0. What is the units digit of i?
3
Let f(z) be the first derivative of z**2 + 29*z + 17. What is the tens digit of f(14)?
5
Suppose 4 = -4*t - 0. Let u(v) = -20*v + 1. Let i be u(t). Let l = 14 + i. What is the tens digit of l?
3
Let f(u) = -u**3 + 11*u**2 + 15*u + 6. Let w = 16 - 4. Let j be f(w). Suppose -3*a = -3*y + 45, 5*a + j = 4*y - 19. What is the units digit of y?
4
Suppose 5*i = i + 8. Let h be ((-36)/(-10))/(i/(-10)). What is the units digit of 2/9 + (-788)/h?
4
What is the hundreds digit of 47706/66 + 126/(-33) + 4?
7
Suppose 0 = -11*d + 27 + 6. Suppose -3*v + 4*h + 437 = 0, -2*v - d*v + 767 = 3*h. What is the hundreds digit of v?
1
Suppose -9 = -0*g - g. Suppose -i + 21 = i + 5*o, -i + g = 2*o. Suppose -i = h - 13. What is the tens digit of h?
1
What is the units digit of (-1655)/(-19) - (-6)/(-57)?
7
Let a = 236 + -197. What is the units digit of a?
9
Let a = 168 + 63. What is the units digit of a?
1
Suppose -2*n - 4*p + 49 = -5, -4*n - 5*p = -99. What is the units digit of n?
1
Let o(n) = 2*n + 3*n + 0*n - 13*n**2 + 8 + 22*n**2. What is the tens digit of o(-4)?
3
Let q = -137 - -370. What is the units digit of q?
3
Let k be 4584/228 - (-6)/(-57). Let s be (0 - 0)/(-4 + 1). Suppose 4*r + s*r - k = 0. What is the units digit of r?
5
Let o = 208 - -163. What is the hundreds digit of o?
3
Suppose -2*m - m = -15. Suppose -3*l = 2*l + m, -15 = -5*r - 5*l. Suppose -r*w - 77 = -3*h, 0 = 4*h + 2*w - 4*w - 86. What is the tens digit of h?
1
Suppose -9204 = -3*h - 23*h. What is the units digit of h?
4
Let n(y) = 26*y + 51. What is the tens digit of n(20)?
7
Let u(n) = n**3 - 39*n**2 + 48*n + 14. What is the units digit of u(38)?
4
Let h be (24*2)/((-15)/(-20)). Suppose 5*j = o + 84, -2*o - 2*o = -3*j + h. What is the tens digit of j?
1
Let z = -131 + 196. Suppose a + 3 = 2*a - 4*q, -3*a - 2*q + z = 0. Let f = -5 + a. What is the units digit of f?
4
Let v = -7 - -8. Let p(k) = 45*k**3 - k**2. What is the units digit of p(v)?
4
Suppose 0 = -5*i - s + 735, -5*s + 10*s = -5*i + 755. What is the units digit of i?
6
Let x = 64 - 37. Let b be (36/10)/(12/30). What is the units digit of b/x - 118/(-6)?
0
Let q be 4/6*474/4. Let i = -771 + 724. Let k = i + q. What is the tens digit of k?
3
Suppose w = -l + 1409, 7025 = 28*w - 23*w + l. What is the units digit of w?
4
Let b(l) = -4*l**3 + 2*l**2 - 2*l - 3. Let f = 30 + -34. What is the tens digit of b(f)?
9
Let y = 53 + -48. Suppose 69 - 539 = -y*v. What is the units digit of v?
4
Let p = -20 - -20. Suppose -17*w + 18*w - 67 = p. What is the tens digit of w?
6
Let k be 0 + -1 - (-72)/(-18). Let q(r) = 2 + r**2 + 3*r - 3 + r. What is the units digit of q(k)?
4
What is the thousands digit of 2/9 - (8 - (-10186)/(-9))?
1
Let n(v) = v**3 + 5*v**2 - 9*v - 5. Let p be n(-6). Let f(g) = g. Let x(y) = -2*y - 15. Let l(h) = 4*f(h) + x(h). What is the units digit of l(p)?
1
Suppose 5*p = 2*r + 4397 + 1161, 2*p - 3*r - 2221 = 0. What is the hundreds digit of p?
1
Let k = 956 - 528. What is the units digit of k?
8
Let b(c) = 107*c + 710. What is the tens digit of b(34)?
4
Let j = 109 - 89. What is the tens digit of j?
2
Let a(d) = -d**2 - 1. Let n be a(-1). Let i = 12 + n. What is the tens digit of i?
1
Let c(q) = -65*q - 7. Let z be c(-3). Let w = z + -81. What is the units digit of w?
7
Let x = 9 + -5. Suppose -2*j = x*b + 54 - 160, -4*b - 47 = -j. Suppose 0*c - 3*u = -2*c + 105, c - 3*u - j = 0. What is the units digit of c?
4
Suppose -k + 620 = -32*k. Let m be (-193)/(-4) + 2/(-8). Let i = m - k. What is the units digit of i?
8
Let v be 8/24 + (-10)/(-6). Suppose -v*l + 9 = l, -2*l + 20 = 2*n. Suppose n*r - 61 = 107. What is the units digit of r?
4
Let o = -133 - -31. Let h(c) = c**3 - c**2 + 152. Let w be h(0). Let n = w + o. What is the tens digit of n?
5
Let r = 185 - 25. Suppose -3*l - 2*l + r = 0. What is the units digit of l?
2
Let x = 1539 - 501. What is the tens digit of x?
3
What is the hundreds digit of (-44)/(-154) + (-6142)/(-14)?
4
Suppose -12 = -32*g + 28*g. Let b(c) be the first derivative of 2*c**3/3 + 2*c**2 - 5*c + 1. What is the tens digit of b(g)?
2
Let j be ((-13)/(2 - -11))/((-2)/38). Let b = 3 - 12. Let c = j + b. What is the tens digit of c?
1
Let x(j) = -j**3 - 3*j**2 - j + 4. Let k be x(-2). Let c = k - -17. Let u = 98 - c. What is the tens digit of u?
7
Let a(v) = 2*v**2 + v + 1. Let n = -15 - -15. Suppose 3 = -3*p - n. What is the units digit of a(p)?
2
Suppose -112*m + 114*m - 2538 = 0. What is the hundreds digit of m?
2
Let o be 4*1 + -8 + 1. What is the units digit of (-12)/(-8)*((-239)/o - 1)?
8
Let p be (-5 - -4)/((-3)/15). Suppose -3*x = -p*t - 16, 3*x + 0*t - 4 = -t. Suppose 3*n = 4*j + 23, 0 = 3*n + 2*j + x*j - 55. What is the tens digit of n?
1
Suppose 2*h - 551 = -n + 1582, 4*n - 8472 = 4*h. What is the units digit of n?
3
Let l(z) = -z**3 - 10 - 21 + 10*z**2 - 67*z + 84*z. What is the units digit of 